t**2 - t**3. What is the units digit of q(-13)?
1
Let x(a) = -a**2 - a - 1. Let d(l) = l**3 - 12*l**2 + l - 1. Suppose 5*m + 12 = 3*m. Let y(r) = m*x(r) + d(r). What is the units digit of y(4)?
1
Let i = -3 - -7. Suppose -i*b + 9 = -7. Suppose -b*k + 67 = 3*x - 11, 0 = x - 3*k - 13. What is the units digit of x?
2
Let p be (2596/10)/((-1)/20*-4). Suppose 798 = 3*o - 4*m, -p = -5*o + 2*m - 6*m. What is the tens digit of o?
6
Let r be (-2)/(-1) - (14 + -11). Let n(b) = 24*b**2 - b - 2. What is the tens digit of n(r)?
2
Suppose 15*h - 72 = 7*h. Let s = h - -39. What is the units digit of s?
8
Suppose 0 = -7*l + 9*l + 108. Let r = l - -157. What is the hundreds digit of r?
1
Let f = -30 + 33. Suppose 16 = -f*j - j. Let v(u) = u + 9. What is the units digit of v(j)?
5
What is the hundreds digit of -99 + 111 - (-4051 + 1)?
0
Suppose 11*m - 14165 = 27118. What is the tens digit of m?
5
Suppose 55*g - 53*g - 2*s = 5236, -4*s - 7855 = -3*g. What is the hundreds digit of g?
6
Suppose 10*d + 120 = 14*d. Let w = d + 28. What is the tens digit of w?
5
Let q be (-75)/(-27) + 4/18. Suppose -184 = -q*w - 28. What is the units digit of w?
2
Suppose -u - 3*z + z + 57 = 0, -4*z - 75 = -u. What is the tens digit of u?
6
Let r(c) = -c + 22. Let q be r(10). Let t = 14 - q. Suppose -3*l + 135 = t*l. What is the units digit of l?
7
Let r(s) = 5*s + 7. Let m be r(8). Let b = -107 + m. What is the tens digit of 0/(-2) + b/(-5)?
1
Let z(k) = 43*k + 16. What is the units digit of z(4)?
8
Suppose -2*z - 3*g = 212, g - 3*g = 8. Suppose 0 = i + 2*i + 198. Let t = i - z. What is the tens digit of t?
3
Let h = -15 + 20. Let q = h + -2. Suppose -q*d - 2*d + 135 = 0. What is the units digit of d?
7
What is the tens digit of 409 - 6*(-1 + (-15)/(-10))?
0
Suppose -3*w - 249 = -0*j + j, 0 = -5*j - 5*w - 1195. What is the units digit of (j - (-8 + 4))/(-2)?
5
Let y = 30 + -28. Suppose -3*k - y*k - m + 437 = 0, 0 = -2*m - 6. What is the units digit of k?
8
Let z(v) = -v**3 - v**2 + 1. Suppose -3 + 4 = a. Let u be z(a). What is the tens digit of 132/8 + u/(-2)?
1
Let m = 0 - -5. Suppose 4*z + 2*o = m*z + 78, -5*o = -4*z - 312. What is the tens digit of 3*z/(-9) + 0?
2
Let t(i) = 4*i + 1. Let g be t(3). Let v(j) = j**2 - 22*j + 79. Let s be v(19). Let z = s - g. What is the units digit of z?
9
Let v(g) = g**3 - 17*g**2. Let n be v(17). Suppose 108 = 2*l - h, -l - l + 3*h + 116 = n. What is the units digit of l?
2
Let g(x) be the third derivative of x**5/30 - 7*x**4/24 + 7*x**3/6 - 4*x**2. Let o be g(5). Let c = o - 21. What is the units digit of c?
1
Let l(x) = x**3 + 10*x**2 + 17*x + 8. Let a be l(-8). Let s = 8 - 4. Suppose -s*d - 2*z + 23 = -121, a = -5*d + z + 187. What is the units digit of d?
7
Suppose -3*h + 0*h = -3. Let z(f) = f**3 + 4*f**2 - 13*f - 1. Let a(n) = n - 1. Let w(k) = h*z(k) + 5*a(k). What is the units digit of w(-5)?
9
What is the units digit of 5/(70/(-6)) + (-81961)/(-77)?
4
Let c = 43 - 39. Suppose -w - 2*w + c*j = -207, 0 = w - 3*j - 74. What is the units digit of w?
5
Let a = -12 + 21. Let t = a + -9. Suppose -f + 3*c + 6 = -t*f, 4*f = c + 68. What is the units digit of f?
8
Suppose 0 = -2*w - 8 - 2. Let t(s) = -s**2 - 5*s - 2. Let d be t(w). What is the tens digit of d - (2 - (35 + -3))?
2
What is the units digit of ((-2425)/(-4) - -4)/((-4)/(-32))?
2
Let x be (5 - (-4 - -5))/2. Suppose i - x = 17. Suppose 2 = 2*k, i = 3*h + 2*k - k. What is the units digit of h?
6
Suppose -262 + 82 = -4*j. Suppose 0 = -2*g - 0*q + q + j, -2*g + 5*q = -41. What is the units digit of g?
3
Suppose -15 = 3*h, 3*p - 3*h + 4*h = 2761. What is the hundreds digit of p?
9
Suppose -5*c + 0*c + 50 = 0. Let s be 36/(-2)*c/(-15). Suppose 90 = 3*p + s. What is the units digit of p?
6
What is the units digit of (2/7)/(31/3038)?
8
Let k(l) = -3*l + 6. Let d be k(3). Let b be -3 + -4*d/2. Suppose 2*z = -b*z + 135. What is the units digit of z?
7
Let x(d) = -7*d**3 + d**2 + 4*d. Let c be x(-2). Let u = 7 + -5. What is the tens digit of (c/(-14))/(u/(-14))?
2
Let z(y) = 12*y - 27. Let p be z(6). Suppose -5*a = -5*h + 305, -2*a - a = h - p. What is the units digit of h?
7
Let b be (-100)/8*8/(-10). Let m = -7 + b. Suppose -4*l + m*w + 148 = 0, 6*l - 3*l - 122 = 5*w. What is the units digit of l?
4
Suppose 2*h + 14 = 3*y - 4, -4 = -4*y - 4*h. What is the tens digit of (y/(-24)*-3)/(2/236)?
5
Let o be ((-6)/9)/(4/(-54)). Suppose -o = -5*i - 54. Let v = i - -18. What is the units digit of v?
9
Suppose q - 3*y = -0*y + 307, 1153 = 4*q + 3*y. What is the tens digit of q?
9
Let m(z) = 2*z**2 + 3*z. Suppose 3 = n - 0. Suppose -5*p + 3 = n*v, 11 = -5*v - p - 2*p. What is the tens digit of m(v)?
2
Suppose a + 3*a - 348 = 4*t, -4*a - 3*t = -313. Let j = -80 + a. What is the units digit of j?
2
Suppose 4*d - 16 + 20 = 0. Let p(a) = -5 + 4 + a + a + 30*a**2. What is the tens digit of p(d)?
2
Let x(v) = -2 - 2 - 4 + 1 + 62*v. What is the units digit of x(4)?
1
Let o be (35 + 2)*(2 + 0)/2. What is the tens digit of o + (-2 - (-2)/(2/3))?
3
Let x be ((-42)/(-8) - -1)/(11/44). What is the hundreds digit of 10/x + 1086/10?
1
Let x = -132 + 216. What is the tens digit of x?
8
Let s be 2 - (0 + -2 - -86). Let a = s + 28. Let o = 85 + a. What is the units digit of o?
1
Let l(k) = 4*k**2 + 13*k + 6. Let x(m) = m**3 + 8*m**2 - 10*m - 15. Suppose 12*d = 14*d + 18. Let f be x(d). What is the tens digit of l(f)?
7
Suppose -12*g + 0*g + 9888 = 0. What is the tens digit of g?
2
Let k(v) = 7*v**2 - v + 25. Let p(j) = 4*j**2 - j + 13. Let h(b) = 3*k(b) - 5*p(b). What is the tens digit of h(-8)?
5
Let z = -982 + 3733. What is the thousands digit of z?
2
Let s = -1016 + 3392. What is the thousands digit of s?
2
Let t = 4 - 7. Let r(z) = 3*z**2 + 3*z + 9. What is the units digit of r(t)?
7
Let l = -18 + 13. Let q(z) = -z**3 - 6*z**2 - 6*z - 5. Let v be q(l). Suppose -7*d + 5*d + 16 = v. What is the units digit of d?
8
Suppose 3*r + 23 = 4*d, 5 = -4*r - 5*d - 5. Let k = r + 47. Suppose f + f - k = 0. What is the units digit of f?
1
Let x = 30 - 25. Suppose 0*o = -o + 2*r + 2, x*o - 10 = -4*r. Suppose 5*i + 7*h - 75 = o*h, 2*h - 42 = -3*i. What is the units digit of i?
2
Suppose 2 + 40 = w + 3*j, -88 = -4*w + 4*j. Suppose 2*s = 5*s - w. What is the units digit of s?
9
What is the hundreds digit of 648 + -1 - 6/(18/(-15))?
6
Suppose 0 = 4*w + 44 + 8. Let u(j) = -9 - 7 - 2*j - 10 + 4 + 5. What is the units digit of u(w)?
9
Suppose -83*y + 3509 = -72*y. What is the tens digit of y?
1
Suppose 0 = -4*u + 1603 + 529. What is the hundreds digit of u?
5
What is the units digit of (-17375)/(-25) - (5 - 0)?
0
Let o(j) = j**2 + j + 1. Let b be o(4). Suppose b = 5*r - 199. What is the tens digit of r?
4
Let v(d) = -d**3 + 4*d**2 + 3*d - 3. What is the units digit of v(4)?
9
Suppose 0 = k - 4*n + 6, k + 2*n - 3 = 3. Suppose k*r = -0*r + 10. Suppose -r*o = -4*l + 62 + 30, -4*l + 92 = 5*o. What is the tens digit of l?
2
Let l be -20*(-1 - (-3)/5). Suppose 3*p - l = -2. Suppose -b = p*r - 11, 4 = -3*b + 1. What is the units digit of r?
6
Let x(a) = -92*a + 52. What is the units digit of x(-3)?
8
Let r = 166 - 163. Suppose -2*v + 1690 = r*v + 5*k, 0 = 3*v - k - 1034. What is the hundreds digit of v?
3
Suppose -103*h = -105*h + 618. What is the units digit of h?
9
Suppose -7*j - 6*j = -8801. What is the tens digit of j?
7
Let o = -166 + 492. What is the units digit of o?
6
Let w(f) = 2*f**3 - 2*f**2 + 6*f - 20. What is the tens digit of w(8)?
2
Suppose -16*h + 38*h = 29898. What is the thousands digit of h?
1
Suppose 60085 - 883 = 33*j. What is the thousands digit of j?
1
What is the tens digit of 4/14 - ((-23245)/7 - -14)?
0
Let r(c) = 282*c**2 + c + 5. What is the hundreds digit of r(2)?
1
Suppose -q = -4, 4*j + q = 5*j + 2. Let u(k) = 2*k**j + 0*k**2 + 5 - 5 + 7*k + 1. What is the units digit of u(-7)?
0
Let c be 2/(-8) - (-357)/68. Suppose 357 + 298 = 4*f - c*t, 4*t - 4 = 0. What is the tens digit of f?
6
Let d = -172 - -41. What is the tens digit of (d/(-6))/((-4)/(-24))?
3
Let v(h) = -h + 15. Let i be v(7). Let s(p) = p**3 - 8*p**2 + 3*p - 2. What is the units digit of s(i)?
2
Let t(h) = 68*h**2 + 7*h + 7. What is the hundreds digit of t(3)?
6
Let p(a) = a**2 - 8*a + 11. Let l be p(7). Suppose -3*d + l = 13. What is the units digit